{"id":149,"date":"2023-12-12T10:58:29","date_gmt":"2023-12-12T08:58:29","guid":{"rendered":"https:\/\/alexfagerphotography.com\/?page_id=149"},"modified":"2023-12-12T11:01:14","modified_gmt":"2023-12-12T09:01:14","slug":"kuvauskalusto","status":"publish","type":"page","link":"https:\/\/alexfagerphotography.com\/?page_id=149","title":{"rendered":"Kuvauskalusto"},"content":{"rendered":"\n<p>Runko: Sony A7 iii. Ei uusinta uutta mutta hyv\u00e4 t\u00e4yden koon kennolla varustettu Sonyn ty\u00f6hevonen. Perussettiin kuuluu Sonyn 85mm f\/1.8 prime-lasi, Tamronin 28-70mm f\/2.8 sek\u00e4 pidempi 70-180mm f\/2.8. Drone on DJI:n Mavic Air 2, suhteellisen vanha mutta toimiva peli.<\/p>\n\n\n\n<h2 class=\"wp-block-heading\">Valot<\/h2>\n\n\n\n<p>Luotan Godoxin perussalamaan TT600s. L\u00e4hetin on mallia Xpro. Studiovalona Godox Ms300, strobo siit\u00e4 halvimmasta p\u00e4\u00e4st\u00e4. T\u00e4ll\u00e4 setill\u00e4 saa ihan pro-tason muotokuvia tehty\u00e4, vaikka omassa olkkarissa.<\/p>\n\n\n\n<h2 class=\"wp-block-heading\">Editointi<\/h2>\n\n\n\n<p>Luotan Adoben ty\u00f6kaluihin. Lightroomilla teen peruss\u00e4\u00e4d\u00f6t ja Photoshopilla loput. K\u00e4yt\u00f6ss\u00e4 on my\u00f6s Luminar Neo.<\/p>\n","protected":false},"excerpt":{"rendered":"<p>Runko: Sony A7 iii. Ei uusinta uutta mutta hyv\u00e4 t\u00e4yden koon kennolla varustettu Sonyn ty\u00f6hevonen. Perussettiin kuuluu Sonyn 85mm f\/1.8 prime-lasi, Tamronin 28-70mm f\/2.8 sek\u00e4 pidempi 70-180mm f\/2.8&#8230;.<\/p>\n","protected":false},"author":1,"featured_media":0,"parent":0,"menu_order":0,"comment_status":"closed","ping_status":"closed","template":"","meta":{"om_disable_all_campaigns":false,"_monsterinsights_skip_tracking":false,"_monsterinsights_sitenote_active":false,"_monsterinsights_sitenote_note":"","_monsterinsights_sitenote_category":0,"footnotes":""},"aioseo_notices":[],"_links":{"self":[{"href":"https:\/\/alexfagerphotography.com\/index.php?rest_route=\/wp\/v2\/pages\/149"}],"collection":[{"href":"https:\/\/alexfagerphotography.com\/index.php?rest_route=\/wp\/v2\/pages"}],"about":[{"href":"https:\/\/alexfagerphotography.com\/index.php?rest_route=\/wp\/v2\/types\/page"}],"author":[{"embeddable":true,"href":"https:\/\/alexfagerphotography.com\/index.php?rest_route=\/wp\/v2\/users\/1"}],"replies":[{"embeddable":true,"href":"https:\/\/alexfagerphotography.com\/index.php?rest_route=%2Fwp%2Fv2%2Fcomments&post=149"}],"version-history":[{"count":4,"href":"https:\/\/alexfagerphotography.com\/index.php?rest_route=\/wp\/v2\/pages\/149\/revisions"}],"predecessor-version":[{"id":155,"href":"https:\/\/alexfagerphotography.com\/index.php?rest_route=\/wp\/v2\/pages\/149\/revisions\/155"}],"wp:attachment":[{"href":"https:\/\/alexfagerphotography.com\/index.php?rest_route=%2Fwp%2Fv2%2Fmedia&parent=149"}],"curies":[{"name":"wp","href":"https:\/\/api.w.org\/{rel}","templated":true}]}}

<p>Runko: Sony A7 iii. Ei uusinta uutta mutta hyvä täyden koon kennolla varustettu Sonyn työhevonen. Perussettiin kuuluu Sonyn 85mm f/1.8 prime-lasi, Tamronin 28-70mm f/2.8 sekä pidempi 70-180mm f/2.8. Drone on DJI:n Mavic Air 2, suhteellisen vanha mutta toimiva peli.</p>



<h2 class="wp-block-heading">Valot</h2>



<p>Luotan Godoxin perussalamaan TT600s. Lähetin on mallia Xpro. Studiovalona Godox Ms300, strobo siitä halvimmasta päästä. Tällä setillä saa ihan pro-tason muotokuvia tehtyä, vaikka omassa olkkarissa.</p>



<h2 class="wp-block-heading">Editointi</h2>



<p>Luotan Adoben työkaluihin. Lightroomilla teen perussäädöt ja Photoshopilla loput. Käytössä on myös Luminar Neo.</p>

<p>Runko: Sony A7 iii. Ei uusinta uutta mutta hyvä täyden koon kennolla varustettu Sonyn työhevonen. Perussettiin kuuluu Sonyn 85mm f/1.8 prime-lasi, Tamronin 28-70mm f/2.8 sekä pidempi 70-180mm f/2.8&#8230;.</p>
